emainder when 29 is divided by a.
14
Let z(d) = -3*d**3 - 7*d**2 - 5*d - 1. Let g be z(-3). Suppose 0 = g*b - 38*b + 402. Let v(r) = -6*r - 1. What is the remainder when b is divided by v(-6)?
32
Suppose 0 = 2*g + 2*t - 1550, -5*t + 1611 = 3*g - 724. Calculate the remainder when g is divided by 227.
89
Suppose 22*a + 5*a = -3132. Let l = -111 - a. Calculate the remainder when 14 is divided by l.
4
Suppose -3*s + 3036 = -4*t, 5*t = -5*s + 2685 + 2445. What is the remainder when s is divided by 148?
132
Let f be 55/(-10) + (-5)/(-10). Let h be 4 + (-6 - (f + 2)). Let w(d) = 14*d + 3. What is the remainder when w(h) is divided by 8?
1
Let i be (-4 - -2)/((-10)/25). Suppose -3*v + 2*l + 143 = 0, 152 = i*v - 3*l - 88. What is the remainder when v is divided by 18?
15
Suppose 17*c + 228 = 22*c - a, -102 = -2*c - 5*a. What is the remainder when c is divided by 17?
12
Suppose -502 = 30*j - 748 - 1044. What is the remainder when 142 is divided by j?
13
Let w(s) = -s**3 + 8*s**2 - 10. Suppose 0*x = -14*x + 70. What is the remainder when w(x) is divided by 17?
14
Let v = 13879 + -11355. Calculate the remainder when v is divided by 837.
13
Suppose -124 = f - 127, -2*a + 3*f + 15 = 0. Calculate the remainder when 439 is divided by a.
7
Let i = 38 + -10. Suppose 32 = -3*d - d. What is the remainder when (-2)/8 + 1/(d/(-1114)) is divided by i?
27
Suppose 34 = 3*z - 5*v, 5*v + 21 + 1 = -z. Suppose 0 = -2*a - 4*n + 70 - 6, 3*a = z*n + 96. What is the remainder when 62 is divided by a?
30
Calculate the remainder when 484/6 + 504/(-756) is divided by 48.
32
Suppose 0 = 3*f + 5*u - 114, -f - u = 2*f - 102. Calculate the remainder when f is divided by (-60)/24*48/(-10).
9
Suppose 5*z = s + 57 + 10, 0 = -3*z - 2*s + 35. Calculate the remainder when 1129 is divided by z.
11
Let s = 204 + -107. Let m(y) = -85*y + 612. What is the remainder when s is divided by m(7)?
12
Let b = -102339 - -102426. Suppose -2*k - 3*j - 6 = 0, -j + 11 = k - 3*j. Calculate the remainder when b is divided by k.
0
Let a(k) = -k**2 - 13*k + 4. Let z = -8 - 1. Let q = 167 + -161. Calculate the remainder when a(z) is divided by q.
4
Suppose 0 = -121*d - 94651 + 294543. Calculate the remainder when d is divided by 810.
32
Let k = -26 - -200. Let w = k + -148. What is the remainder when 103 is divided by w?
25
Let a be (11/6)/(10/120). Suppose 19*l = a*l - 5*q - 139, -18 = -l - 4*q. Let o(y) = -5*y - 1. What is the remainder when l is divided by o(-3)?
10
Let i(h) = 2*h + 30. Suppose x + 2*x + 42 = 0. Let u be i(x). Calculate the remainder when ((5/u)/(-5))/((-2)/152) is divided by 11.
5
Let w(z) = -z**3 - 17*z**2 - 5*z - 36. Suppose 7*l = -10 - 109. Calculate the remainder when w(l) is divided by 16.
1
Let k = 24630 + -18029. Calculate the remainder when k is divided by 1647.
13
What is the remainder when 20184 + 6 + (-6 + 3 - (-8 + 2)) is divided by 297?
294
Suppose 422*v = 319*v + 108047. What is the remainder when v is divided by 450?
149
Let h(m) = 67*m - 1. Let j be h(2). Suppose -j = -2*w + 53. Suppose -7*f + 5*f + 32 = 0. What is the remainder when w is divided by f?
13
Let a(l) = -2*l**3 - 11*l**2 - 29*l - 123. Calculate the remainder when a(-11) is divided by 17.
14
Let o(y) = 5*y + 81. Let z be o(-26). Let c = 107 + z. Calculate the remainder when c is divided by 33.
25
Suppose -11*v - 33*v + 4424 = 12*v. What is the remainder when 235 is divided by v?
77
Suppose -5*p + 213 = -377. Suppose 0 = -x + 2*f + 20, 4*x - 101*f = -96*f + 62. What is the remainder when p is divided by x?
6
Suppose -228 - 284 = -12*g + 772. What is the remainder when g is divided by (-2568)/(-108) + (-2)/(-9)?
11
Suppose -o + 5*l + 45 = 0, -2*o - 2*l = -0*l - 78. Suppose 5*n - 2*b = 2*b + 102, -5*n = 5*b - 120. What is the remainder when o is divided by n?
18
Let n(v) = -2*v**2 + 65*v + 3936. What is the remainder when n(0) is divided by 786?
6
Let x = 198 + -193. Let o = x - -107. Calculate the remainder when o is divided by 19.
17
Let j = 20 + -19. Let q = -57 + 45. Let r = j - q. Calculate the remainder when r is divided by 4.
1
Suppose 0 = -369*l + 735*l - 364*l - 56. Let m(d) = 4*d**2 - 5*d - 2. Calculate the remainder when m(4) is divided by l.
14
Calculate the remainder when 304 is divided by (3 - 31/9)/(26/(-819)).
10
Let f(r) = 7*r + 103. What is the remainder when f(-9) is divided by 28 + (3 - 5) + -2 - 3?
19
Suppose 4*m = -5*p + 332 + 1139, -2*p + m = -578. Calculate the remainder when p is divided by 273.
18
Let l(s) = 43*s + 217. Let y be l(-5). Suppose y*p - 592 = -14*p. What is the remainder when 217 is divided by p?
32
Let t(p) = p**3 + 6*p**2 + 3*p - 6. Let d be ((-170)/(-51))/((-4)/6). Let k be t(d). What is the remainder when 36 is divided by (1 - -2)*k/(-12) + 21?
16
Suppose -4*u - 128 = -4*h, 3*u - 26 = -h - 2*u. Let b = h + -21. Calculate the remainder when (-2 - 0)/(b/(-105)) is divided by 6.
3
Suppose 4*i + 7248 - 7696 = 0. Suppose 0 = 4*q - 69 - 7. What is the remainder when i is divided by q?
17
Suppose 2*g - 405 = -3*g. Let m = g - 46. Calculate the remainder when m is divided by -38*-2*2/8.
16
Suppose -1474*y - 1465*y = -2933*y - 846. What is the remainder when 11842 is divided by y?
139
Let k = -8451 - -8471. What is the remainder when 165 is divided by k?
5
Let t(n) = 11*n - 206. What is the remainder when t(32) is divided by 30?
26
Let o(y) = -4*y**3 + 2*y**2 + 8. Let a(l) = 3*l**3 - 3*l**2 - l - 8. Let t(n) = 6*a(n) + 5*o(n). What is the remainder when 47 is divided by t(-4)?
15
Let a be (2 - 1)/(5030/1005 - 5). Let y = -38 + a. Calculate the remainder when y is divided by 14.
9
Let l = -4619 + 4704. Calculate the remainder when 2117 is divided by l.
77
Suppose 177 = 5*t + 3*v, -t + 10*v = 13*v - 33. Calculate the remainder when (-642 + 0)*13/(-26) is divided by t.
33
Suppose -2300 = -60*l + 14*l. Suppose -5*c + l = -95. Calculate the remainder when c is divided by 3.
2
Let o = 27 - 22. Suppose -4*d + 614 = -5*k, 0*k = -d - o*k + 141. Calculate the remainder when d is divided by 22.
19
Let x = -32804 + 33839. Calculate the remainder when x is divided by 138.
69
Let h be 1509/4 + (-3)/(-4). Let p = -146 + h. Suppose 0 = 41*t - 488 - 1439. Calculate the remainder when p is divided by t.
44
What is the remainder when 246 is divided by 5/3 + -2 - (-8)/(-15)*-40?
15
Let w = 12 - -22. Suppose -x + w = -2*i, -2*x - i + 48 = -0*i. Let v = 46 - x. What is the remainder when 79 is divided by v?
19
Let s = -2 + 28. Suppose 2*h + 3*n = -1, -s = 2*h - n - n. Let i = h + 12. Calculate the remainder when 23 is divided by i.
3
Let y(k) = 2*k**3 - 9*k**2 + 3*k + 9. Suppose -4*n - 16 = -2*p - 0, 4*n + 12 = p. What is the remainder when 21 is divided by y(p)?
1
Calculate the remainder when -12 + 6 - 1 - (-80 - -1) is divided by 1.
0
Let i(w) = -w**3 + 5*w**2 + 5*w + 17. Let v be i(8). Let x = v - -252. What is the remainder when x is divided by 12?
9
Let g(n) = 91*n**3 - 6*n**2 + 4*n - 1. Suppose 2 = -a - a + 4*p, 0 = a - 4*p - 3. Let o = a + 20. Calculate the remainder when g(1) is divided by o.
13
Let h(v) = -v**3 + 24*v**2 - 27*v + 95. Let d be h(23). Let l(c) = c**2 - 3*c + 14. Calculate the remainder when 107 is divided by l(d).
9
Suppose 0*j = -3*c - j + 7, 3*c - 2*j = -5. What is the remainder when (-1 + 3)*(-322)/(-7) is divided by (20 - -2) + -3*c?
16
Let v = 3531 - 3490. Calculate the remainder when 78 is divided by v.
37
What is the remainder when 429/44*(-15)/(315/(-868)) is divided by 221?
182
Calculate the remainder when 1588 is divided by -1 - ((-2548)/19 + (-20)/(-190)).
125
Let f = 987 + -924. Calculate the remainder when f is divided by 11.
8
Suppose -5*o + p = -218, 5*o - 255 + 85 = -5*p. Let b(k) = -336*k - 1. Calculate the remainder when b(-1) is divided by o.
41
Suppose -9*i + 684 + 2529 = 0. What is the remainder when i is divided by 30?
27
Let s be 0/(4/2)*5/(-10). Suppose s = -5*t - 15, -20 = -3*v - t + 1. Calculate the remainder when 15 is divided by v.
7
Let t be 1/(-6) - 19/(-6). Let s be -3 + (67 - (t - 2)). Let x = -30 + s. What is the remainder when x is divided by 12?
9
Let l = 200 + -200. Let f(d) = -d**3 + d**2 - 4*d + 21. Let u = -37 - -160. What is the remainder when u is divided by f(l)?
18
Suppose 2 = 17*p - 10 - 5. What is the remainder when 107 is divide